- -68)?
67
What is (-15 - 5) + (-46 - (-130 + 42))?
22
What is the value of (78 - 67) + 11 + -127 + 9?
-96
Evaluate (3 - 2) + -4 - (-36 - (29 - (18 - 29))).
73
Calculate -1 + -74 + 82 - (5 - -42).
-40
Calculate (56 - 35) + 35 + -69.
-13
What is 3140 - 3149 - (1 + -7 + -2)?
-1
Evaluate (70 - (91 - 11)) + (-3 - 0 - -5) + -30.
-38
-7 + (-9 - (13 + -13 + (5 - 10)))
-11
44 + (8 - 4) + (11 - 6 - 6)
47
What is the value of -10 - (-4 - -26 - (-30 + 53)) - (9 + 1)?
-19
Calculate -14 - 2 - (-23 + (178 - 87)).
-84
What is the value of 99 + -170 - (49 + -120)?
0
Evaluate -9 + 30 - (-20 + 1 - (158 - 171)).
27
Evaluate (-271 - -300) + (-3 - -2) - -70.
98
What is (6 - (21 + -10)) + -1 + (-2 - -37)?
29
What is the value of (24 - (49 + -4) - -14) + (46 - -1)?
40
What is the value of -83 - -110 - (3 + -2 - 6) - 0?
32
Evaluate -3 + (-1 - 8) + (-16 - -22) - -12.
6
Calculate (-409 - (181 - 494)) + (-4 - -2) + -7.
-105
Evaluate (14 + (1 - 9) - 7 - -14) + -14.
-1
Calculate (-220 - -135 - 21) + 178.
72
Evaluate -69 + (12 - (-16 + 24 + -8)).
-57
What is -78 + (86 - -8) + -2?
14
Calculate 4 - 1 - -1 - (2 + 16 + 107 + -29).
-92
What is 0 + -8 + -23 + 46 + (-37 - 0)?
-22
Evaluate 43 - (0 - (13 + (24 - 12) + -30 + 13)).
51
Calculate 47 + (-2 - -8) + (7 + -45 - -24).
39
Calculate (-9 - (-57 - (1 + 10 - 7))) + -7.
45
-21 + (5 - -17) + (-4 + 4 - -17)
18
What is the value of (-43 - (12 - 16)) + (-11 - (3 + -10))?
-43
-11 + 6 + (13 - 2) + (-10 - -1)
-3
Evaluate 57 + -98 + 65 + -30.
-6
(-45 - (-53 + 30)) + 13 + -1
-10
Evaluate (-10 - -15) + (-7 - (5 - -27)).
-34
Evaluate 2 + 44 + 0 - ((90 - 134) + (7 - -36)).
47
What is the value of 2 - 1 - (-27 + (18 - -4) - -4)?
2
What is the value of -3 + (4 - (-2 + 5)) + (-104 - -92)?
-14
What is the value of -47 + 45 - (-2 + 0 + -28)?
28
What is -2 + (13 - 0) - (280 - 316)?
47
What is -11 + 7 + (7 - 2 - 3) - -25 - -3?
26
Evaluate 16 + -17 + (9 - 21 - 7).
-20
Calculate (3402 - 3410) + (32 - -2) + -2.
24
Calculate (9 - 16) + 3 + 101 + -10.
87
(-9 + (20 - 13) - -9) + -71
-64
What is the value of 42 + -36 + (-6 - (58 + (1 - (-1 + 4))))?
-56
Calculate -49 + (67 - (97 + -45)).
-34
(-8 + 14 + (3 - 1) - 7) + (5 - 6)
0
What is the value of 3 + -29 + 13 + -28 + 23 + -45?
-63
-63 - (5 + -23 - -31) - -30
-46
Evaluate 4 - -5 - (87 - 116).
38
(4 + -19 - (74 + -111)) + -35
-13
What is the value of (29 - 25) + -21 - -14 - (31 - 2)?
-32
What is the value of 10 + 79 + (8 - -3 - (-30 + 47))?
83
-13 + (15 - (-4 - (31 + -20)))
17
Calculate 28 - (25 - (-20 + 28) - 24).
35
-64 + 2 + -13 + ((10 - 31) + 8 - -24)
-64
Evaluate (-14 - -26) + -54 + -21 + 2 + 5 + 1.
-55
What is the value of 2 + -25 - ((22 - -22) + -30 - 29)?
-8
Calculate -4 + 26 + 28 + -31 + 27.
46
-11 + -9 + 6 + (0 + -4 - 0 - -2)
-16
What is the value of -39 + 39 + -6 + -48 + 0 + 3 + 4?
-47
What is the value of -10 + (-58 - -3) + (1 - -21)?
-43
Calculate 5 + -10 - 9 - 1 - -12.
-3
What is (8 + -6 - -12) + 20 + 35 + -13?
56
What is the value of 78 + (-7 - 68) + -44?
-41
(-88 - (44 - -46)) + 61
-117
-8 - -26 - (28 + (-1 - 0))
-9
What is -2 + -11 + (9 - 9) - ((-20 - 2) + -8)?
17
Calculate -22 + 109 + -64 + -35.
-12
Calculate (-9 - (-18 - -59) - -9) + -2 + 5 + 0.
-38
What is -75 + 57 + 52 + -55?
-21
Calculate 35 + 3 - (-2848 + 2824).
62
What is 2 + 3 + -16 + -1015 + 1022 - -2?
-2
(43 - 81) + -24 - -64
2
What is (24 - 30 - 1) + 9 + 0?
2
What is -43 - ((-32 - 18) + 29) - (5 + -9 + -4)?
-14
Calculate -42 + (-30 - (-81 + 27)) - 46.
-64
Calculate -235 - -226 - (-3 - (-5 - -4 - 47)).
-54
-111 - (-42 + -3 + 66)
-132
What is the value of -35 + (-76 - -81) + (1 - 0 - (13 + -15))?
-27
What is -9 + -2 + 25 - (-106 - -136)?
-16
Calculate -2 + (-1 - -6) + 81 + -8 + 22 + -27.
71
What is the value of (3 - -13 - 47) + 44?
13
What is -11 + -1 - (5 + 4 + -4 - (-62 - -14))?
-65
Calculate (-31 + -27 - (-4 + 0)) + (49 - 36).
-41
What is (74 - -2 - 82) + -1 + 45?
38
Calculate 215 + -53 - (35 + 41).
86
Evaluate (18 - (10 - 9)) + -4 - 20 - 28.
-35
What is the value of 48 + -9 + -27 + 12?
24
Evaluate 15 - (2 - ((15 - 27) + 21 - (1 - -9))).
12
What is -10 + -34 + 437 + -294 - (-11 - -2)?
108
Evaluate (-27 - -36) + -30 + 19.
-2
Calculate (-38 - -13) + -2 + (-8 - -7) + 11.
-17
What is (15 - 35 - -34) + 2 + 17?
33
What is (11 - 2 - (-64 + 116 + -44)) + -3?
-2
Calculate -7 - (11 + (-129 - ((12 - 2 - 28) + 10))).
103
Calculate (1 - 54) + -4147 + 4189 - (-1 - -23).
-33
Calculate -91 - -23 - (2 + -2) - (-226 + 226).
-68
Evaluate 18 + (220 - 50) + -91.
97
Calculate 15 + -16 - 10 - 21 - (4 + -10).
-26
Calculate (-24 - -30) + 4 + -27.
-17
Evaluate (10 - 2) + -59 + -5 + 69.
13
What is -2 + 3 + (23 - -38 - -4) - 12?
54
Calculate -14 + -10 + 3 + 16 + -38 + 29.
-14
What is (-29 - (1 + -1)) + (-1 - -24 - (-2425 + 2438))?
-19
What is -22 - -7 - ((51 - (50 - 24)) + 4)?
-44
What is (2 - (22 + -18)) + (-16 - -10) + 29?
21
What is (332 - (250 + 122)) + -2 + 4 + -21?
-59
Calculate (9 - ((22 - (0 + 10)) + 0)) + 25 + -16.
6
Calculate 2 - -106 - (69 + -131 + 94).
76
Evaluate (47 - 86 - -32) + 7.
0
(10 - 6) + -45 - (13 + -1 - (-197 + 195))
-55
Evaluate 14 - (2 - (1 + -2) - (-1659 + 1676)).
28
-1 - (11 + -3 + 2 + 0 + -65 + 88)
-34
Evaluate 527 + -484 + (1 - 16) + -4.
24
What is the value of ((7 - 5) + 0 - (54 + -58)) + -26?
-20
What is -22 + -7 + -33 + 88?
26
What is the value of -11 - (((-1 - -12) + 12 - 13) + -37)?
16
Evaluate (49 - (31 - 33)) + -70.
-19
Evaluate -3 + (-6 + 50 - 3) + (11 - 1).
48
-557 - -666 - (-20 + 149)
-20
What is the value of 23 + (-4 + -21 - 31)?
-33
Calculate -20 - (1 + 1) - (114 + -133).
-3
What is the value of 2 - (-7 + -2) - (-22 + 12 + 3 + -2)?
20
Calculate -63 + (26 - 2) + -51 + 38 + -5.
-57
Evaluate -56 - (-25 - ((3 - 3) + -5)).
-36
Evaluate -116 - -166 - (169 + -81).
-38
What is (0 - (1 - -1 - -28) - (39 - 40)) + 3?
-26
207 + -112 - (21 + 20)
54
-80 - (52 - (125 + -40))
-47
Evaluate 10 + (-89 - -176 - 61) + -13 + 2 + 0.
25
Evaluate (0 - (7 - 1)) + 0 + (1677 - 1682).
-11
What is -114 - (16 + -101 - 30)?
1
What is -11 + 106 + (5 - (0 + 5)) + 5 + -8?
92
((-4 - -10) + -24 + 13 - -19) + -13
1
What is the value of 5 - (1 - -12) - (18 + -41 + 50)?
-35
Evaluate -108 - (-5 - (-1 + -2) - -2) - (-8011 + 8004).
-101
22 + 8 + 6 + -11 + 3 + (-14 - -15)
29
Calculate (20 - (42 - (-16 - -2))) + 78.
42
Evaluate -32 - ((-12 - 11) + -23 + 28).
-14
-22 + (15 + -1 - 4 - -5) + 2
-5
What is the value of 16 + (-5 - 40) + 64?
35
What is -22 - (0 - (-14 - 2))?
-38
13 - (51 + -2 + -9)
-27
What is the value of 1 - 50 - (-45 + -8)?
4
Evaluate 17 + 2 + (-15 - -19) - (-135 - -92).
66
75 + (53 + -153 - -37)
12
What is 55 - 29 - 40 - (-1 - -31)?
-44
What is 23 + (-21 - -88) - (31 - 14)?
73
What is (-21 + -2 + 17 + -4 - -11) + (45 - -2)?
48
What is the value of 5 + (-5 - -6) - (-18 + 7 + 3 - -23)?
-9
Calculate -32 + -21 + 50 + -28 - 54.
-85
(-111 - (-54 - -2)) + 121
62
Calculate (11 + -7 + 8 + -4 + 0 - 4) + 29.
33
What is the value of (17 - ((2 - 4) + 5)) + (-52 - -60)?
22
What is -1393 + 1433 + (-2 - -6)?
44
What is the value of 42 - (17 + 150 - 70)?
-55
Evaluate (-112 - -41) + 137 - (11 + 0).
55
What is the value of -5 + -4 + (-17 + -19 - -26)?
-19
What is the value of -60 + -2 + (-15 - (82 - 107))?
-52
What is the value of 32 + (-112 - -146 - (-6 - -55))?
17
Calculate (-1191 - -1153) + (13 - 2) + (-1 + -8 - -1).
-35
What is (-1 - -2 - 9) + (30 - (-2 + 27))?
-3
What is (22 - 55) + (6 - 7 - 5) + -4?
-43
Calculate -3 + (2 - -3) + -17 + 28 + 38.
51
Calculate -14 + 2 - ((-7 - -7 - (20 - 41)) + 52).
-85
Evaluate -65 + 0 - ((0 - 4) + -13 + 30).
-78
What is the value of (1 - 6) + (-9 - (-2 - 14) - 96)?
-94
2 + (31 - 15 - 41) + 3
-20
What is the value of 107 + -114 - (4 + -1 + -6 + -5)?
1
Calculate 26 + (-57 - (0 - 34)) + 77.
80
33 + -46 + 25 + 0 + 94
106
What is the value of 6 + -8 - (-49 - (23 - 144))?
-74
Calculate -28 - (2 - 36) - (-30 - 6).
42
Calculate (-27 - -11) + (-3 + 7 - -14) + 65.
67
(5 - (-14 - 0)) + 5 + 10 + 3
37
Calculate -8 + 1 - (0 + -5 - ((-4 - -25) + 16)).
35
Calculate -78 + -94 + 168 + (43 - -1).
40
90 - 82 - ((0 - -1) + 10) - -46
43
Evaluate -2 + -14 - (0 - 2) - (-10 + -14).
10
What is the value of -6 + 3 + (1 - 0) - (-16 + (13 - -29))?
-28
Evaluate -8 + (13 + -1 - (-21 + 21 + -2)).
6
Evaluate 113 + -19 + (-149 - 15).
-70
-1 + 13 + (225 - (